nd a?
11
Suppose 3*s - 4*o - 503 = 0, 15*o - 16*o - 810 = -5*s. What is the highest common divisor of s and 23?
23
Let x be (-7)/3 + (-10)/(-30). Let r = x + 13. What is the greatest common divisor of r and 33?
11
Suppose -a = 2*u + 2*u - 426, -422 = -4*u + a. Calculate the greatest common factor of 2 and u.
2
Let m(r) = -19*r. Let l be m(-5). Let t = 200 - l. Suppose 2*p = -3*s + t + 24, -4*s = 5*p - 312. What is the greatest common divisor of p and 24?
12
Let y(b) = -3*b - 13. Let v be y(-5). Suppose v*h = 4*h - 2*a, 4*h - 25 = -a. Calculate the greatest common divisor of h and 15.
5
Let b = 75 + -26. Let w = 9102 + -9088. Calculate the greatest common divisor of w and b.
7
Suppose 235*t = 229*t + 54. Calculate the greatest common divisor of t and 5.
1
Let h(c) be the first derivative of -c**3/3 + 15*c**2/2 - 17*c - 14. Let s be h(12). Calculate the greatest common divisor of 19 and s.
19
Let m = 6 + 2. Let w be 2*-3*(7 + (-6 - 13)). Calculate the greatest common factor of m and w.
8
Let p = 15 - -3. Suppose p*x - 36 = 21*x. Let z be (x/10)/(9/(-240)). What is the greatest common divisor of 4 and z?
4
Suppose -a + 4*f = -6, -f - 15 = 3*a - 2*f. Let x(g) = g**2 - g + 19. Let c be x(0). Let i = c - a. What is the greatest common factor of 10 and i?
5
Suppose -4*r = 2*i + 3*i + 345, -5*r = -4*i + 380. Let p = -76 - r. Let y be (-141)/(-12) - 2/(-8). Calculate the greatest common divisor of p and y.
4
Suppose 0 = -11*r + 17*r - 12. Suppose 26 = 5*v + 6. Suppose -n = -r*n - w + 23, -v*n + 77 = w. What is the greatest common divisor of n and 12?
6
Let z(a) = a**3 - 9*a**2 + 2*a - 14. Let c(q) = -q**3 - 10*q**2 - 28*q - 6. Let i be c(-5). Let p be z(i). What is the greatest common divisor of 10 and p?
2
Suppose 46*g + g - 5922 = 0. Calculate the highest common factor of g and 98.
14
Let s be 1 - ((-906)/(-2))/(-3). Let g(t) = t**3 + 10*t**2 + 6*t - 8. Let c be g(-9). What is the greatest common factor of c and s?
19
Let s(v) = -v**2 + 17*v + 40. Let w be s(17). Suppose 0 = -6*i + w + 92. Calculate the greatest common factor of 11 and i.
11
Suppose -5*b + 545 = -r + 6*r, -4*r - 2*b = -428. Calculate the highest common factor of r and 595.
35
Let u be ((-105)/10)/((-3)/36*3). Suppose 2*m - 262 = 4*j - 32, 235 = 2*m - 5*j. Calculate the highest common divisor of m and u.
21
Let z be 2/(-46) + (-481848)/(-3128). What is the greatest common factor of 2 and z?
2
Let g = -326 + 378. Calculate the greatest common divisor of g and 52.
52
Let o(n) = -14*n**2 - n + 2. Let k be (-1)/4 - (-68)/16. Let g be o(k). Let r = g + 370. Calculate the greatest common factor of r and 18.
18
Suppose 4*p + 41 + 1543 = 0. Let o be p/(-14) - (-10)/(-35). Suppose 0*h - 32 = -2*l + 2*h, 2*h + 4 = 0. What is the greatest common factor of o and l?
14
Suppose -7*p + 2*p = 0, 3*a + 5*p = 6. Suppose 3*z = 4*f - 0*z - 96, -5*f + a*z = -113. Calculate the highest common divisor of 14 and f.
7
Suppose -116 = -2*t - 2*t. Let g be ((0 - 2)*29)/((-6)/15). Calculate the greatest common divisor of t and g.
29
Let k(a) = 7*a**2 + 9*a - 8. Let c be k(6). Let r = c - 170. Let x = 36 - 20. Calculate the highest common factor of x and r.
16
Let n be ((-4)/(-6))/(10/(-1125)*-5). Suppose b - 4*s - 6 = 0, 2*s + 3*s = 3*b - 18. Calculate the highest common factor of b and n.
3
Let y = -1272 + 3256. What is the greatest common divisor of 62 and y?
62
Suppose -p - k = -35, -23 = 5*p - 6*p + 3*k. Let h(m) = m + 2. Let d be h(2). What is the highest common factor of d and p?
4
Suppose -1547 = -9*l - 8*l. What is the greatest common factor of 56 and l?
7
Suppose 2*w - 5*w = -228. What is the highest common factor of 4 and w?
4
Let z be 6/(-15) + 64/10. Let x(m) = 4*m**3 + m**2 - 1. Let b be x(1). Suppose 12 = b*y + 2*y. Calculate the highest common factor of y and z.
2
Let q(r) = -2*r**3 + r**2. Let k be q(0). Suppose k*f = f. Suppose -11*t + 14*t - 51 = f. Calculate the highest common factor of 85 and t.
17
Suppose 5*l + 4*g - 21 = 2*g, -8 = 4*g. Suppose -35 + 0 = -l*h. Calculate the highest common factor of h and 77.
7
Let s = 37 - 35. Suppose -s*q = -69 + 17. Let u be -1 - (-4 + q/(-2)). Calculate the highest common factor of u and 2.
2
Let t(g) = 3*g**3 - 15*g**2 - 17*g + 112. Let h be t(6). What is the greatest common divisor of 767 and h?
59
Let i(f) be the first derivative of -2/3*f**3 + 7*f - 1/4*f**4 + f**2 + 7. Let r be i(-3). Calculate the greatest common factor of r and 5.
5
Suppose 7*k - 64 = 62. Let z be ((-1)/(-2))/((-8)/(-432)). Calculate the greatest common factor of z and k.
9
Suppose -10*i = -13*i - 312. Let z = i + 214. Calculate the highest common divisor of z and 10.
10
Suppose 1008*s - 204 = 1002*s. What is the highest common divisor of 272 and s?
34
Let o be (-2 - 33/(-9))*3. Suppose w = -5*u + 21 + 7, -3*u + 30 = 5*w. Suppose -w*z + o*z = 24. Calculate the greatest common factor of z and 108.
12
Suppose 3*n = q + 238, 84 = -n + 2*n + 2*q. Let c = -14 + n. What is the highest common factor of 99 and c?
33
Let l be 8/(-24) - 2/6*-7. Suppose n + 4*r = 2*n - 1, -5*n + l*r + 5 = 0. What is the greatest common divisor of 9 and n?
1
Suppose 2*r - 10 = 2*v + v, v = -2*r + 10. Suppose -446 = -7*p - r. Let t = 42 - 0. What is the highest common factor of t and p?
21
Let f = 70 - 56. Let v = 5 - -149. What is the greatest common divisor of v and f?
14
Let j(w) = 9*w**3 + 3*w**2 - 3*w + 3. Let t be j(2). Let i(q) = -q**3 - 18*q**2 - 72*q + 9. Let c be i(-12). Calculate the highest common divisor of t and c.
9
Let d(h) = -7*h - 79. Let x be d(-23). Calculate the highest common divisor of 6 and x.
2
Let f be (-28)/6 + 4 - 1208/(-12). Suppose 3*s - 4 = s. Suppose -2*o + 90 = 3*c + s*c, -5*c - 150 = -4*o. Calculate the highest common factor of o and f.
20
Let u(x) = -2*x**2 + 44*x - 139. Let w be u(18). Calculate the highest common divisor of w and 55.
5
Let w = -76 - -116. Calculate the greatest common factor of w and 360.
40
Let h(z) = 50*z + 904. Let k be h(28). Calculate the highest common factor of 54 and k.
18
Suppose 2*s = 15 + 17. Suppose -3*o + s = 1. Suppose 4*p + 20 = 0, 5*c - o*p + 9 = 84. Calculate the highest common factor of 110 and c.
10
Suppose 0 = 15*d - 20*d + 15, 3*g = 2*d + 141. Calculate the highest common factor of g and 5.
1
Let j be 25 + -5 + -17 + 16. Let y be 39 - 1/1 - 0. Calculate the highest common divisor of j and y.
19
Let o = 10 - 6. Suppose -56 = 2*x - 4*x. Suppose 0 = -2*j + 3*j - 4*t, 0 = 4*j - 2*t - x. What is the greatest common divisor of o and j?
4
Let i be -72*(2 + 8/(-3)). Let l(r) = -27*r - 3. Let m be l(-11). Let n be 3/(-9) + m/18. Calculate the greatest common factor of i and n.
16
Let d = -6 + 8. Suppose -d*g - y - y + 2 = 0, -g = 4*y - 1. Let r be -15*-1*(-3 + (-40)/(-12)). Calculate the greatest common factor of g and r.
1
Let f = 802 - 365. What is the highest common divisor of 46 and f?
23
Let o(v) be the third derivative of -v**4/24 + 4*v**3/3 + 17*v**2. Let l be o(-4). Calculate the highest common divisor of 132 and l.
12
Suppose 4*n = 0, 0*a - 4 = -4*a - 4*n. What is the highest common factor of 23 and a?
1
Let n = -60 - -66. Suppose 0 = 4*r - 2*j - 54, 0*r + 3*r - 3*j = 45. Suppose -b + 130 + r = 3*w, -2*w - b = -94. Calculate the highest common factor of n and w.
6
Let l(j) = -j**3 - 3*j**2 + 3*j + 52. Let g be l(-6). Calculate the greatest common divisor of 4 and g.
2
Let r(q) = 0*q**2 + q**2 + 9*q - 1 + 5. Let x be r(-9). Suppose 8 + 2 = u. What is the greatest common factor of x and u?
2
Let v(y) = y**2 + 2*y - 99. Let a be v(15). Calculate the highest common factor of 12 and a.
12
Suppose 58*h - 190 = -4*g + 53*h, -g = -h - 43. Suppose 2*d - 2*y - 20 = 0, 0 = d + 5*y - 4. What is the highest common divisor of g and d?
9
Suppose -4*x = 5*s - 24 - 13, 3*s + 9 = 0. Let v(t) = t + 12. Let w be v(-7). Let u be 571/4 + w/20. What is the highest common factor of u and x?
13
Suppose 0 = a - 18 - 17. Suppose g = 3*g + 3*p - 81, 0 = -g + 4*p + a. Let i = -29 - -42. Calculate the highest common factor of g and i.
13
Let v be (100/(-15))/(3/(-9)). Suppose 0 = a + a - v. Calculate the highest common factor of 90 and a.
10
Let t = -119 - -128. What is the greatest common factor of t and 243?
9
Suppose -4*h + 76*y + 1575 = 71*y, -3*h + 1180 = -5